[INFO] cloning repository https://github.com/lbdremy/rs-mvc-example
[INFO] running `Command { std: "git" "-c" "credential.helper=" "-c" "credential.helper=/workspace/cargo-home/bin/git-credential-null" "clone" "--bare" "https://github.com/lbdremy/rs-mvc-example" "/workspace/cache/git-repos/https%3A%2F%2Fgithub.com%2Flbdremy%2Frs-mvc-example", kill_on_drop: false }`
[INFO] [stderr] Cloning into bare repository '/workspace/cache/git-repos/https%3A%2F%2Fgithub.com%2Flbdremy%2Frs-mvc-example'...
[INFO] running `Command { std: "git" "rev-parse" "HEAD", kill_on_drop: false }`
[INFO] [stdout] c600f81651c3806822904ae8deb8ad68e6a91977
[INFO] checking lbdremy/rs-mvc-example against try#72f88fc4e9458f89516a0b8b0868f3718aec5b47 for pr-74989
[INFO] running `Command { std: "git" "clone" "/workspace/cache/git-repos/https%3A%2F%2Fgithub.com%2Flbdremy%2Frs-mvc-example" "/workspace/builds/worker-10/source", kill_on_drop: false }`
[INFO] [stderr] Cloning into '/workspace/builds/worker-10/source'...
[INFO] [stderr] done.
[INFO] validating manifest of git repo https://github.com/lbdremy/rs-mvc-example on toolchain 72f88fc4e9458f89516a0b8b0868f3718aec5b47
[INFO] running `Command { std: "/workspace/cargo-home/bin/cargo" "+72f88fc4e9458f89516a0b8b0868f3718aec5b47" "read-manifest" "--manifest-path" "Cargo.toml", kill_on_drop: false }`
[INFO] started tweaking git repo https://github.com/lbdremy/rs-mvc-example
[INFO] finished tweaking git repo https://github.com/lbdremy/rs-mvc-example
[INFO] tweaked toml for git repo https://github.com/lbdremy/rs-mvc-example written to /workspace/builds/worker-10/source/Cargo.toml
[INFO] crate git repo https://github.com/lbdremy/rs-mvc-example already has a lockfile, it will not be regenerated
[INFO] running `Command { std: "/workspace/cargo-home/bin/cargo" "+72f88fc4e9458f89516a0b8b0868f3718aec5b47" "fetch" "--locked" "--manifest-path" "Cargo.toml", kill_on_drop: false }`
[INFO] [stderr]     Updating git repository `https://github.com/iron/body-parser.git`
[INFO] [stderr]     Updating git repository `https://github.com/iron/logger.git`
[INFO] [stderr]     Updating git repository `https://github.com/iron/mount.git`
[INFO] [stderr]     Updating git repository `https://github.com/iron/router.git`
[INFO] [stderr]     Updating git repository `https://github.com/iron/staticfile.git`
[INFO] [stderr]     Updating git repository `https://github.com/iron/urlencoded.git`
[INFO] [stderr] error: the lock file /workspace/builds/worker-10/source/Cargo.lock needs to be updated but --locked was passed to prevent this
[INFO] [stderr] If you want to try to generate the lock file without accessing the network, use the --offline flag.
[INFO] the lockfile is outdated, regenerating it
[INFO] running `Command { std: "/workspace/cargo-home/bin/cargo" "+72f88fc4e9458f89516a0b8b0868f3718aec5b47" "generate-lockfile" "--manifest-path" "Cargo.toml" "-Zno-index-update", kill_on_drop: false }`
[INFO] [stderr]     Blocking waiting for file lock on package cache
[INFO] [stderr]     Updating git repository `https://github.com/iron/body-parser.git`
[INFO] [stderr]     Updating git repository `https://github.com/iron/logger.git`
[INFO] [stderr]     Updating git repository `https://github.com/iron/mount.git`
[INFO] [stderr]     Updating git repository `https://github.com/iron/router.git`
[INFO] [stderr]     Updating git repository `https://github.com/iron/staticfile.git`
[INFO] [stderr]     Updating git repository `https://github.com/iron/urlencoded.git`
[INFO] [stderr]     Updating git repository `https://github.com/iron/iron`
[INFO] running `Command { std: "/workspace/cargo-home/bin/cargo" "+72f88fc4e9458f89516a0b8b0868f3718aec5b47" "fetch" "--locked" "--manifest-path" "Cargo.toml", kill_on_drop: false }`
[INFO] [stderr]     Blocking waiting for file lock on package cache
[INFO] [stderr]     Blocking waiting for file lock on package cache
[INFO] [stderr]  Downloading crates ...
[INFO] [stderr]   Downloaded route-recognizer v0.1.13
[INFO] [stderr]   Downloaded sequence_trie v0.3.6
[INFO] [stderr]   Downloaded bodyparser v0.8.0
[INFO] [stderr]   Downloaded mount v0.4.0
[INFO] [stderr]   Downloaded iron v0.6.1
[INFO] [stderr]   Downloaded persistent v0.4.0
[INFO] running `Command { std: "docker" "create" "-v" "/var/lib/crater-agent-workspace/builds/worker-10/target:/opt/rustwide/target:rw,Z" "-v" "/var/lib/crater-agent-workspace/builds/worker-10/source:/opt/rustwide/workdir:ro,Z" "-v" "/var/lib/crater-agent-workspace/cargo-home:/opt/rustwide/cargo-home:ro,Z" "-v" "/var/lib/crater-agent-workspace/rustup-home:/opt/rustwide/rustup-home:ro,Z" "-e" "SOURCE_DIR=/opt/rustwide/workdir" "-e" "CARGO_TARGET_DIR=/opt/rustwide/target" "-e" "CARGO_HOME=/opt/rustwide/cargo-home" "-e" "RUSTUP_HOME=/opt/rustwide/rustup-home" "-w" "/opt/rustwide/workdir" "-m" "1610612736" "--user" "0:0" "--network" "none" "rustops/crates-build-env@sha256:d92eaeed33fa75130ca1ee6c8a01d1ffb62bac859dfdfb3450e3e5d1c0146529" "/opt/rustwide/cargo-home/bin/cargo" "+72f88fc4e9458f89516a0b8b0868f3718aec5b47" "metadata" "--no-deps" "--format-version=1", kill_on_drop: false }`
[INFO] [stdout] f13a26dfb56590f644c5d9afb08a3ed6a31b8900ce764c9ad78c6711838e3c46
[INFO] [stderr] WARNING: Your kernel does not support swap limit capabilities or the cgroup is not mounted. Memory limited without swap.
[INFO] running `Command { std: "docker" "start" "-a" "f13a26dfb56590f644c5d9afb08a3ed6a31b8900ce764c9ad78c6711838e3c46", kill_on_drop: false }`
[INFO] running `Command { std: "docker" "inspect" "f13a26dfb56590f644c5d9afb08a3ed6a31b8900ce764c9ad78c6711838e3c46", kill_on_drop: false }`
[INFO] running `Command { std: "docker" "rm" "-f" "f13a26dfb56590f644c5d9afb08a3ed6a31b8900ce764c9ad78c6711838e3c46", kill_on_drop: false }`
[INFO] [stdout] f13a26dfb56590f644c5d9afb08a3ed6a31b8900ce764c9ad78c6711838e3c46
[INFO] running `Command { std: "docker" "create" "-v" "/var/lib/crater-agent-workspace/builds/worker-10/target:/opt/rustwide/target:rw,Z" "-v" "/var/lib/crater-agent-workspace/builds/worker-10/source:/opt/rustwide/workdir:ro,Z" "-v" "/var/lib/crater-agent-workspace/cargo-home:/opt/rustwide/cargo-home:ro,Z" "-v" "/var/lib/crater-agent-workspace/rustup-home:/opt/rustwide/rustup-home:ro,Z" "-e" "SOURCE_DIR=/opt/rustwide/workdir" "-e" "CARGO_TARGET_DIR=/opt/rustwide/target" "-e" "CARGO_INCREMENTAL=0" "-e" "RUST_BACKTRACE=full" "-e" "RUSTFLAGS=--cap-lints=forbid" "-e" "CARGO_HOME=/opt/rustwide/cargo-home" "-e" "RUSTUP_HOME=/opt/rustwide/rustup-home" "-w" "/opt/rustwide/workdir" "-m" "1610612736" "--user" "0:0" "--network" "none" "rustops/crates-build-env@sha256:d92eaeed33fa75130ca1ee6c8a01d1ffb62bac859dfdfb3450e3e5d1c0146529" "/opt/rustwide/cargo-home/bin/cargo" "+72f88fc4e9458f89516a0b8b0868f3718aec5b47" "check" "--frozen" "--all" "--all-targets" "--message-format=json", kill_on_drop: false }`
[INFO] [stdout] ebfc5f5d121644fae1a34595c588dc9fabe145dcb8ad3cc076c24bbb6ce02a04
[INFO] [stderr] WARNING: Your kernel does not support swap limit capabilities or the cgroup is not mounted. Memory limited without swap.
[INFO] running `Command { std: "docker" "start" "-a" "ebfc5f5d121644fae1a34595c588dc9fabe145dcb8ad3cc076c24bbb6ce02a04", kill_on_drop: false }`
[INFO] [stderr]     Blocking waiting for file lock on package cache
[INFO] [stderr]     Blocking waiting for file lock on package cache
[INFO] [stderr]     Blocking waiting for file lock on package cache
[INFO] [stderr]    Compiling libc v0.2.77
[INFO] [stderr]     Checking cfg-if v0.1.10
[INFO] [stderr]    Compiling autocfg v1.0.1
[INFO] [stderr]    Compiling byteorder v1.3.4
[INFO] [stderr]    Compiling autocfg v0.1.7
[INFO] [stderr]    Compiling maybe-uninit v2.0.0
[INFO] [stderr]     Checking lazy_static v1.4.0
[INFO] [stderr]     Checking traitobject v0.1.0
[INFO] [stderr]     Checking either v1.6.0
[INFO] [stderr]     Checking scopeguard v1.1.0
[INFO] [stderr]     Checking typeable v0.1.2
[INFO] [stderr]     Checking language-tags v0.2.2
[INFO] [stderr]     Checking hashbrown v0.9.0
[INFO] [stderr]     Checking sequence_trie v0.3.6
[INFO] [stderr]     Checking tokio-sync v0.1.8
[INFO] [stderr]     Checking idna v0.1.5
[INFO] [stderr]     Checking serde v1.0.116
[INFO] [stderr]    Compiling parking_lot_core v0.6.2
[INFO] [stderr]    Compiling parking_lot v0.9.0
[INFO] [stderr]    Compiling hyper v0.12.35
[INFO] [stderr]     Checking log v0.4.11
[INFO] [stderr]     Checking lock_api v0.3.4
[INFO] [stderr]    Compiling phf_shared v0.7.24
[INFO] [stderr]     Checking unsafe-any v0.4.2
[INFO] [stderr]     Checking phf v0.7.24
[INFO] [stderr]     Checking log v0.3.9
[INFO] [stderr]     Checking want v0.2.0
[INFO] [stderr]     Checking typemap v0.3.3
[INFO] [stderr]     Checking smallvec v0.6.13
[INFO] [stderr]    Compiling crossbeam-utils v0.7.2
[INFO] [stderr]    Compiling memoffset v0.5.5
[INFO] [stderr]    Compiling crossbeam-epoch v0.8.2
[INFO] [stderr]    Compiling indexmap v1.6.0
[INFO] [stderr]    Compiling rand_chacha v0.1.1
[INFO] [stderr]    Compiling rand_pcg v0.1.2
[INFO] [stderr]    Compiling rand v0.6.5
[INFO] [stderr]     Checking plugin v0.2.6
[INFO] [stderr]     Checking mime v0.2.6
[INFO] [stderr]     Checking url v1.7.2
[INFO] [stderr]     Checking base64 v0.9.3
[INFO] [stderr]    Compiling rand_os v0.1.3
[INFO] [stderr]     Checking num_cpus v1.13.0
[INFO] [stderr]     Checking iovec v0.1.4
[INFO] [stderr]     Checking time v0.1.44
[INFO] [stderr]     Checking net2 v0.2.35
[INFO] [stderr]     Checking tokio-executor v0.1.10
[INFO] [stderr]     Checking crossbeam-queue v0.2.3
[INFO] [stderr]     Checking futures-cpupool v0.1.8
[INFO] [stderr]     Checking bytes v0.4.12
[INFO] [stderr]     Checking mio v0.6.22
[INFO] [stderr]     Checking hyper v0.10.16
[INFO] [stderr]     Checking tokio-current-thread v0.1.7
[INFO] [stderr]     Checking tokio-timer v0.2.13
[INFO] [stderr]     Checking crossbeam-deque v0.7.3
[INFO] [stderr]     Checking tokio-io v0.1.13
[INFO] [stderr]     Checking http v0.1.21
[INFO] [stderr]     Checking tokio-buf v0.1.1
[INFO] [stderr]     Checking string v0.2.1
[INFO] [stderr]     Checking tokio-threadpool v0.1.18
[INFO] [stderr]     Checking tokio-reactor v0.1.12
[INFO] [stderr]    Compiling phf_generator v0.7.24
[INFO] [stderr]    Compiling phf_codegen v0.7.24
[INFO] [stderr]     Checking tokio-tcp v0.1.4
[INFO] [stderr]     Checking tokio v0.1.22
[INFO] [stderr]    Compiling mime_guess v1.8.8
[INFO] [stderr]     Checking serde_json v1.0.57
[INFO] [stderr]     Checking http-body v0.1.0
[INFO] [stderr]     Checking h2 v0.1.26
[INFO] [stderr]     Checking iron v0.6.1
[INFO] [stderr]     Checking persistent v0.4.0
[INFO] [stderr]     Checking mount v0.4.0
[INFO] [stderr]     Checking logger v0.4.0 (https://github.com/iron/logger.git#4df63964)
[INFO] [stderr]     Checking staticfile v0.5.0 (https://github.com/iron/staticfile.git#2bfc7fe5)
[INFO] [stderr]     Checking bodyparser v0.8.0
[INFO] [stderr]     Checking bodyparser v0.8.0 (https://github.com/iron/body-parser.git#49ae53cd)
[INFO] [stderr]     Checking urlencoded v0.6.0 (https://github.com/iron/urlencoded.git#0bed4479)
[INFO] [stderr]     Checking iron v0.6.0 (https://github.com/iron/iron?branch=master#e38695bf)
[INFO] [stderr]     Checking router v0.7.0-pre1 (https://github.com/iron/router.git#ec2c7890)
[INFO] [stderr]     Checking mount v0.4.0 (https://github.com/iron/mount.git#5dbbc881)
[INFO] [stderr]     Checking mvc-example v0.1.0 (/opt/rustwide/workdir)
[INFO] [stdout] warning: unused import: `app::helpers::UserHelper`
[INFO] [stdout]  --> src/app/controllers/user_controller.rs:6:5
[INFO] [stdout]   |
[INFO] [stdout] 6 | use app::helpers::UserHelper;
[INFO] [stdout]   |     ^^^^^^^^^^^^^^^^^^^^^^^^
[INFO] [stdout]   |
[INFO] [stdout]   = note: `#[warn(unused_imports)]` on by default
[INFO] [stdout] 
[INFO] [stdout] 
[INFO] [stdout] warning: unnecessary parentheses around function argument
[INFO] [stdout]   --> src/app/controllers/user_controller.rs:15:24
[INFO] [stdout]    |
[INFO] [stdout] 15 |         Ok(Response::with((iron::status::Ok)))
[INFO] [stdout]    |                           ^^^^^^^^^^^^^^^^^^ help: remove these parentheses
[INFO] [stdout]    |
[INFO] [stdout]    = note: `#[warn(unused_parens)]` on by default
[INFO] [stdout] 
[INFO] [stdout] 
[INFO] [stdout] warning: unnecessary parentheses around function argument
[INFO] [stdout]   --> src/app/controllers/user_controller.rs:24:24
[INFO] [stdout]    |
[INFO] [stdout] 24 |         Ok(Response::with((iron::status::Ok)))
[INFO] [stdout]    |                           ^^^^^^^^^^^^^^^^^^ help: remove these parentheses
[INFO] [stdout] 
[INFO] [stdout] 
[INFO] [stdout] warning: unnecessary parentheses around function argument
[INFO] [stdout]   --> src/app/controllers/user_controller.rs:27:24
[INFO] [stdout]    |
[INFO] [stdout] 27 |         Ok(Response::with((iron::status::Ok)))
[INFO] [stdout]    |                           ^^^^^^^^^^^^^^^^^^ help: remove these parentheses
[INFO] [stdout] 
[INFO] [stdout] 
[INFO] [stdout] warning: unnecessary parentheses around function argument
[INFO] [stdout]   --> src/app/controllers/user_controller.rs:30:24
[INFO] [stdout]    |
[INFO] [stdout] 30 |         Ok(Response::with((iron::status::Ok)))
[INFO] [stdout]    |                           ^^^^^^^^^^^^^^^^^^ help: remove these parentheses
[INFO] [stdout] 
[INFO] [stdout] 
[INFO] [stdout] warning: unused import: `app::routes::*`
[INFO] [stdout]  --> src/app/mod.rs:8:5
[INFO] [stdout]   |
[INFO] [stdout] 8 | use app::routes::*;
[INFO] [stdout]   |     ^^^^^^^^^^^^^^
[INFO] [stdout] 
[INFO] [stdout] 
[INFO] [stdout] warning: unused import: `app::*`
[INFO] [stdout]  --> src/main.rs:5:5
[INFO] [stdout]   |
[INFO] [stdout] 5 | use app::*;
[INFO] [stdout]   |     ^^^^^^
[INFO] [stdout] 
[INFO] [stdout] 
[INFO] [stdout] warning: unused import: `app::helpers::UserHelper`
[INFO] [stdout]  --> src/app/controllers/user_controller.rs:6:5
[INFO] [stdout]   |
[INFO] [stdout] 6 | use app::helpers::UserHelper;
[INFO] [stdout]   |     ^^^^^^^^^^^^^^^^^^^^^^^^
[INFO] [stdout]   |
[INFO] [stdout]   = note: `#[warn(unused_imports)]` on by default
[INFO] [stdout] 
[INFO] [stdout] 
[INFO] [stdout] warning: unnecessary parentheses around function argument
[INFO] [stdout]   --> src/app/controllers/user_controller.rs:15:24
[INFO] [stdout]    |
[INFO] [stdout] 15 |         Ok(Response::with((iron::status::Ok)))
[INFO] [stdout]    |                           ^^^^^^^^^^^^^^^^^^ help: remove these parentheses
[INFO] [stdout]    |
[INFO] [stdout]    = note: `#[warn(unused_parens)]` on by default
[INFO] [stdout] 
[INFO] [stdout] 
[INFO] [stdout] warning: unnecessary parentheses around function argument
[INFO] [stdout]   --> src/app/controllers/user_controller.rs:24:24
[INFO] [stdout]    |
[INFO] [stdout] 24 |         Ok(Response::with((iron::status::Ok)))
[INFO] [stdout]    |                           ^^^^^^^^^^^^^^^^^^ help: remove these parentheses
[INFO] [stdout] 
[INFO] [stdout] 
[INFO] [stdout] warning: unnecessary parentheses around function argument
[INFO] [stdout]   --> src/app/controllers/user_controller.rs:27:24
[INFO] [stdout]    |
[INFO] [stdout] 27 |         Ok(Response::with((iron::status::Ok)))
[INFO] [stdout]    |                           ^^^^^^^^^^^^^^^^^^ help: remove these parentheses
[INFO] [stdout] 
[INFO] [stdout] 
[INFO] [stdout] warning: unnecessary parentheses around function argument
[INFO] [stdout]   --> src/app/controllers/user_controller.rs:30:24
[INFO] [stdout]    |
[INFO] [stdout] 30 |         Ok(Response::with((iron::status::Ok)))
[INFO] [stdout]    |                           ^^^^^^^^^^^^^^^^^^ help: remove these parentheses
[INFO] [stdout] 
[INFO] [stdout] 
[INFO] [stdout] warning: unused import: `app::routes::*`
[INFO] [stdout]  --> src/app/mod.rs:8:5
[INFO] [stdout]   |
[INFO] [stdout] 8 | use app::routes::*;
[INFO] [stdout]   |     ^^^^^^^^^^^^^^
[INFO] [stdout] 
[INFO] [stdout] 
[INFO] [stdout] warning: unused import: `app::*`
[INFO] [stdout]  --> src/main.rs:5:5
[INFO] [stdout]   |
[INFO] [stdout] 5 | use app::*;
[INFO] [stdout]   |     ^^^^^^
[INFO] [stdout] 
[INFO] [stdout] 
[INFO] [stdout] error[E0277]: expected a `Fn<(&mut app::iron::Request<'_, '_>,)>` closure, found `Router`
[INFO] [stdout]   --> src/app/mod.rs:12:15
[INFO] [stdout]    |
[INFO] [stdout] 12 |     Iron::new(routes::all()).http("localhost:3000").unwrap();
[INFO] [stdout]    |               ^^^^^^^^^^^^^ expected an `Fn<(&mut app::iron::Request<'_, '_>,)>` closure, found `Router`
[INFO] [stdout]    |
[INFO] [stdout]    = help: the trait `for<'r, 's, 't0> Fn<(&'r mut app::iron::Request<'s, 't0>,)>` is not implemented for `Router`
[INFO] [stdout]    = note: required because of the requirements on the impl of `Handler` for `Router`
[INFO] [stdout]    = note: required by `Iron::<H>::new`
[INFO] [stdout] 
[INFO] [stdout] 
[INFO] [stdout] error[E0599]: no method named `http` found for struct `Iron<Router>` in the current scope
[INFO] [stdout]   --> src/app/mod.rs:12:30
[INFO] [stdout]    |
[INFO] [stdout] 12 |     Iron::new(routes::all()).http("localhost:3000").unwrap();
[INFO] [stdout]    |                              ^^^^ method not found in `Iron<Router>`
[INFO] [stdout]    | 
[INFO] [stdout]   ::: /opt/rustwide/cargo-home/git/checkouts/router-673170cb1868e8d8/ec2c789/src/router.rs:26:1
[INFO] [stdout]    |
[INFO] [stdout] 26 | pub struct Router {
[INFO] [stdout]    | ----------------- doesn't satisfy `Router: Handler`
[INFO] [stdout]    |
[INFO] [stdout]    = note: the method `http` exists but the following trait bounds were not satisfied:
[INFO] [stdout]            `Router: Handler`
[INFO] [stdout] 
[INFO] [stdout] 
[INFO] [stdout] error[E0061]: this function takes 3 arguments but 2 arguments were supplied
[INFO] [stdout]  --> src/app/routes.rs:8:12
[INFO] [stdout]   |
[INFO] [stdout] 8 |     router.post("/users", UserController::create);
[INFO] [stdout]   |            ^^^^ --------  ---------------------- supplied 2 arguments
[INFO] [stdout]   |            |
[INFO] [stdout]   |            expected 3 arguments
[INFO] [stdout] 
[INFO] [stdout] 
[INFO] [stdout] error[E0061]: this function takes 3 arguments but 2 arguments were supplied
[INFO] [stdout]  --> src/app/routes.rs:9:12
[INFO] [stdout]   |
[INFO] [stdout] 9 |     router.get("/users/:id", UserController::read);
[INFO] [stdout]   |            ^^^ ------------  -------------------- supplied 2 arguments
[INFO] [stdout]   |            |
[INFO] [stdout]   |            expected 3 arguments
[INFO] [stdout] 
[INFO] [stdout] 
[INFO] [stdout] error[E0061]: this function takes 3 arguments but 2 arguments were supplied
[INFO] [stdout]   --> src/app/routes.rs:10:12
[INFO] [stdout]    |
[INFO] [stdout] 10 |     router.put("/users/:id", UserController::update);
[INFO] [stdout]    |            ^^^ ------------  ---------------------- supplied 2 arguments
[INFO] [stdout]    |            |
[INFO] [stdout]    |            expected 3 arguments
[INFO] [stdout] 
[INFO] [stdout] 
[INFO] [stdout] error[E0061]: this function takes 3 arguments but 2 arguments were supplied
[INFO] [stdout]   --> src/app/routes.rs:11:12
[INFO] [stdout]    |
[INFO] [stdout] 11 |     router.delete("/users/:id", UserController::delete);
[INFO] [stdout]    |            ^^^^^^ ------------  ---------------------- supplied 2 arguments
[INFO] [stdout]    |            |
[INFO] [stdout]    |            expected 3 arguments
[INFO] [stdout] 
[INFO] [stdout] 
[INFO] [stdout] error[E0061]: this function takes 3 arguments but 2 arguments were supplied
[INFO] [stdout]   --> src/app/routes.rs:12:12
[INFO] [stdout]    |
[INFO] [stdout] 12 |     router.get("/users", UserController::read_all);
[INFO] [stdout]    |            ^^^ --------  ------------------------ supplied 2 arguments
[INFO] [stdout]    |            |
[INFO] [stdout]    |            expected 3 arguments
[INFO] [stdout] 
[INFO] [stdout] 
[INFO] [stdout] error: aborting due to 7 previous errors; 7 warnings emitted
[INFO] [stdout] 
[INFO] [stdout] 
[INFO] [stdout] Some errors have detailed explanations: E0061, E0277, E0599.
[INFO] [stdout] 
[INFO] [stdout] For more information about an error, try `rustc --explain E0061`.
[INFO] [stdout] 
[INFO] [stderr] error: could not compile `mvc-example`.
[INFO] [stderr] 
[INFO] [stderr] To learn more, run the command again with --verbose.
[INFO] [stderr] warning: build failed, waiting for other jobs to finish...
[INFO] [stdout] error[E0277]: expected a `Fn<(&mut app::iron::Request<'_, '_>,)>` closure, found `Router`
[INFO] [stdout]   --> src/app/mod.rs:12:15
[INFO] [stdout]    |
[INFO] [stdout] 12 |     Iron::new(routes::all()).http("localhost:3000").unwrap();
[INFO] [stdout]    |               ^^^^^^^^^^^^^ expected an `Fn<(&mut app::iron::Request<'_, '_>,)>` closure, found `Router`
[INFO] [stdout]    |
[INFO] [stdout]    = help: the trait `for<'r, 's, 't0> Fn<(&'r mut app::iron::Request<'s, 't0>,)>` is not implemented for `Router`
[INFO] [stdout]    = note: required because of the requirements on the impl of `Handler` for `Router`
[INFO] [stdout]    = note: required by `Iron::<H>::new`
[INFO] [stdout] 
[INFO] [stdout] 
[INFO] [stdout] error[E0599]: no method named `http` found for struct `Iron<Router>` in the current scope
[INFO] [stdout]   --> src/app/mod.rs:12:30
[INFO] [stdout]    |
[INFO] [stdout] 12 |     Iron::new(routes::all()).http("localhost:3000").unwrap();
[INFO] [stdout]    |                              ^^^^ method not found in `Iron<Router>`
[INFO] [stdout]    | 
[INFO] [stdout]   ::: /opt/rustwide/cargo-home/git/checkouts/router-673170cb1868e8d8/ec2c789/src/router.rs:26:1
[INFO] [stdout]    |
[INFO] [stdout] 26 | pub struct Router {
[INFO] [stdout]    | ----------------- doesn't satisfy `Router: Handler`
[INFO] [stdout]    |
[INFO] [stdout]    = note: the method `http` exists but the following trait bounds were not satisfied:
[INFO] [stdout]            `Router: Handler`
[INFO] [stdout] 
[INFO] [stdout] 
[INFO] [stdout] error[E0061]: this function takes 3 arguments but 2 arguments were supplied
[INFO] [stdout]  --> src/app/routes.rs:8:12
[INFO] [stdout]   |
[INFO] [stdout] 8 |     router.post("/users", UserController::create);
[INFO] [stdout]   |            ^^^^ --------  ---------------------- supplied 2 arguments
[INFO] [stdout]   |            |
[INFO] [stdout]   |            expected 3 arguments
[INFO] [stdout] 
[INFO] [stdout] 
[INFO] [stdout] error[E0061]: this function takes 3 arguments but 2 arguments were supplied
[INFO] [stdout]  --> src/app/routes.rs:9:12
[INFO] [stdout]   |
[INFO] [stdout] 9 |     router.get("/users/:id", UserController::read);
[INFO] [stdout]   |            ^^^ ------------  -------------------- supplied 2 arguments
[INFO] [stdout]   |            |
[INFO] [stdout]   |            expected 3 arguments
[INFO] [stdout] 
[INFO] [stdout] 
[INFO] [stdout] error[E0061]: this function takes 3 arguments but 2 arguments were supplied
[INFO] [stdout]   --> src/app/routes.rs:10:12
[INFO] [stdout]    |
[INFO] [stdout] 10 |     router.put("/users/:id", UserController::update);
[INFO] [stdout]    |            ^^^ ------------  ---------------------- supplied 2 arguments
[INFO] [stdout]    |            |
[INFO] [stdout]    |            expected 3 arguments
[INFO] [stdout] 
[INFO] [stdout] 
[INFO] [stdout] error[E0061]: this function takes 3 arguments but 2 arguments were supplied
[INFO] [stdout]   --> src/app/routes.rs:11:12
[INFO] [stdout]    |
[INFO] [stdout] 11 |     router.delete("/users/:id", UserController::delete);
[INFO] [stdout]    |            ^^^^^^ ------------  ---------------------- supplied 2 arguments
[INFO] [stdout]    |            |
[INFO] [stdout]    |            expected 3 arguments
[INFO] [stdout] 
[INFO] [stdout] 
[INFO] [stdout] error[E0061]: this function takes 3 arguments but 2 arguments were supplied
[INFO] [stdout]   --> src/app/routes.rs:12:12
[INFO] [stdout]    |
[INFO] [stdout] 12 |     router.get("/users", UserController::read_all);
[INFO] [stdout]    |            ^^^ --------  ------------------------ supplied 2 arguments
[INFO] [stdout]    |            |
[INFO] [stdout]    |            expected 3 arguments
[INFO] [stdout] 
[INFO] [stdout] 
[INFO] [stdout] error: aborting due to 7 previous errors; 7 warnings emitted
[INFO] [stdout] 
[INFO] [stdout] 
[INFO] [stdout] Some errors have detailed explanations: E0061, E0277, E0599.
[INFO] [stdout] 
[INFO] [stdout] For more information about an error, try `rustc --explain E0061`.
[INFO] [stdout] 
[INFO] [stderr] error: build failed
[INFO] running `Command { std: "docker" "inspect" "ebfc5f5d121644fae1a34595c588dc9fabe145dcb8ad3cc076c24bbb6ce02a04", kill_on_drop: false }`
[INFO] running `Command { std: "docker" "rm" "-f" "ebfc5f5d121644fae1a34595c588dc9fabe145dcb8ad3cc076c24bbb6ce02a04", kill_on_drop: false }`
[INFO] [stdout] ebfc5f5d121644fae1a34595c588dc9fabe145dcb8ad3cc076c24bbb6ce02a04
